at is the greatest common divisor of 35 and 10878448?
7
What is the greatest common divisor of 2849 and 3115511?
259
What is the greatest common factor of 11 and 15687287?
11
Calculate the greatest common factor of 118 and 4338683.
59
Calculate the highest common factor of 2556 and 277876.
4
What is the greatest common divisor of 839515 and 171?
19
Calculate the greatest common divisor of 336 and 202170096.
48
Calculate the highest common factor of 14881 and 14066427.
647
Calculate the greatest common factor of 30 and 453030.
30
Calculate the highest common divisor of 22826816 and 512.
64
What is the greatest common factor of 561285 and 38385?
45
Calculate the greatest common divisor of 853850 and 2150.
50
Calculate the greatest common divisor of 15 and 71112045.
15
What is the highest common factor of 449365 and 74?
37
Calculate the greatest common divisor of 626243 and 11624.
1453
Calculate the greatest common divisor of 21189 and 278145.
21
What is the highest common divisor of 10 and 6509330?
10
Calculate the highest common factor of 71680392 and 126.
126
Calculate the highest common divisor of 826 and 37337048.
14
Calculate the highest common factor of 751511 and 3139.
43
Calculate the greatest common divisor of 437592 and 432.
24
What is the highest common divisor of 1125 and 636885?
45
What is the greatest common divisor of 5980980 and 45816?
996
What is the greatest common factor of 2927 and 148261331?
2927
Calculate the highest common factor of 9764638 and 13.
13
Calculate the greatest common factor of 10765738 and 344.
86
Calculate the highest common factor of 135 and 650409912.
27
Calculate the greatest common factor of 78704939 and 961.
961
Calculate the highest common divisor of 13392 and 1462518.
558
Calculate the highest common factor of 122747097 and 22.
11
What is the greatest common divisor of 125335 and 3430?
35
What is the highest common factor of 42 and 6067638?
6
What is the greatest common factor of 229 and 132285743?
229
What is the greatest common factor of 102714 and 119038?
106
Calculate the greatest common factor of 235900 and 3261823.
337
What is the highest common factor of 16057288 and 599872?
10712
What is the greatest common divisor of 421624 and 1288?
56
Calculate the highest common factor of 3158744 and 1016.
1016
What is the highest common factor of 19385 and 37944199?
3877
Calculate the highest common factor of 46508 and 167761.
1661
Calculate the greatest common divisor of 909 and 39054579.
303
Calculate the greatest common factor of 518236 and 258.
86
What is the highest common factor of 12775607 and 1755?
13
What is the highest common divisor of 1903474 and 16?
2
Calculate the highest common divisor of 532260 and 4867222.
5914
What is the greatest common factor of 133510142 and 58?
58
What is the highest common divisor of 384764 and 817?
43
What is the greatest common divisor of 132 and 329453487?
33
What is the greatest common factor of 393 and 7455472?
131
What is the greatest common factor of 984255 and 10?
5
What is the greatest common factor of 50 and 33435900?
50
Calculate the highest common factor of 274386280 and 80.
40
Calculate the greatest common factor of 67301 and 10894078.
2171
Calculate the greatest common divisor of 17 and 95253431.
17
Calculate the highest common divisor of 2276160 and 459840.
960
What is the highest common divisor of 29070 and 83368?
34
What is the greatest common factor of 4308 and 56537115?
1077
Calculate the greatest common factor of 47685 and 50105715.
2805
What is the highest common divisor of 177 and 274086093?
177
What is the highest common factor of 389 and 161880?
1
What is the highest common factor of 26589867 and 3999?
129
What is the highest common factor of 346193 and 30745?
43
What is the highest common divisor of 2380950 and 10730?
370
What is the greatest common divisor of 4800 and 11139400?
200
What is the highest common factor of 93460 and 52040?
20
What is the highest common divisor of 3345 and 3278769?
669
Calculate the greatest common factor of 544 and 42506528.
544
Calculate the greatest common factor of 87 and 146012187.
87
What is the highest common factor of 37818 and 1914?
66
Calculate the greatest common factor of 12232 and 6053828.
44
What is the greatest common divisor of 19384914 and 5729?
337
Calculate the greatest common divisor of 168 and 52019366.
14
What is the greatest common divisor of 2244 and 9766262?
374
Calculate the greatest common divisor of 45 and 33182280.
45
What is the greatest common factor of 13487391 and 1614?
807
Calculate the greatest common divisor of 8976 and 36442186.
374
Calculate the highest common divisor of 9995 and 30.
5
What is the greatest common divisor of 13646 and 1869420124?
13646
What is the highest common divisor of 15403510 and 1616?
202
Calculate the greatest common factor of 1080003 and 2512.
157
Calculate the highest common divisor of 140067 and 49293.
9
Calculate the highest common factor of 30455 and 83495.
5
Calculate the highest common divisor of 6989371 and 1795.
359
What is the greatest common divisor of 1463424 and 1728?
192
Calculate the greatest common factor of 108473 and 11562898.
1619
What is the greatest common factor of 166091 and 12464?
41
What is the greatest common factor of 454304 and 125472?
32
Calculate the greatest common factor of 94 and 498553769.
47
Calculate the highest common factor of 33708389 and 286.
143
What is the greatest common divisor of 300 and 13182102?
6
Calculate the highest common factor of 1730 and 41840915.
865
What is the highest common factor of 69 and 2100245?
23
What is the highest common divisor of 2156499 and 261?
9
What is the greatest common factor of 12180 and 392070?
210
What is the highest common divisor of 3952 and 1256983?
247
Calculate the highest common divisor of 34988622 and 1212.
606
What is the highest common divisor of 42059 and 238539?
307
Calculate the greatest common factor of 806 and 43900181.
13
Calculate the greatest common factor of 4630396 and 57466.
974
Calculate the greatest common factor of 80431 and 60352.
23
What is the greatest common factor of 5163960 and 1610?
230
Calculate the highest common divisor of 316181 and 5857387.
5359
What is the highest common factor of 321384 and 12063?
3
Calculate the greatest common factor of 216 and 6094818.
54
What is the highest common factor of 142087 and 1243?
11
Calculate the highest common divisor of 199824162 and 12.
6
What is the highest common factor of 36 and 92102?
2
Calculate the highest common factor of 129540 and 128524.
508
What is the greatest common divisor of 56885713 and 992?
31
What is the highest common divisor of 486 and 11288214?
54
Calculate the greatest common divisor of 357 and 191436.
21
What is the highest common factor of 780 and 414781120?
260
Calculate the highest common factor of 2605 and 22427487.
521
Calculate the highest common divisor of 4890095 and 4495.
155
Calculate the greatest common factor of 1935915 and 12.
3
Calculate the highest common factor of 288120 and 66199.
343
Calculate the greatest common divisor of 2484 and 2863776.
276
Calculate the highest common divisor of 13067 and 148847.
73
What is the greatest common divisor of 1957946 and 14?
2
Calculate the greatest common factor of 1099152 and 29112.
24
What is the highest common factor of 218050 and 52188710?
6230
What is the highest common divisor of 174 and 2546074?
2
What is the highest common divisor of 11471277 and 839613?
5151
What is the highest common divisor of 2528 and 99265001?
79
Calculate the highest common divisor of 180136726 and 1309.
1309
What is the greatest common factor of 4508 and 161745108?
644
What is the highest common factor of 1245750 and 60?
30
Calculate the greatest common divisor of 469420000 and 12500.
2500
Calculate the greatest common divisor of 726175 and 1344595.
4685
Calculate the highest common divisor of 3 and 19580777.
1
What is the greatest common divisor of 14250006 and 1447758?
4842
Calculate the greatest common divisor of 8083355 and 297990.
1505
Calculate the highest common divisor of 308 and 9389548.
28
Calculate the greatest common factor of 16614 and 1153854.
234
What is the greatest common factor of 89672842 and 196?
98
Calculate the highest co